{"id":83,"date":"2020-04-07T21:10:21","date_gmt":"2020-04-07T21:10:21","guid":{"rendered":"http:\/\/rgzv-goettingen.de\/?page_id=83"},"modified":"2023-02-13T08:31:53","modified_gmt":"2023-02-13T08:31:53","slug":"boerse","status":"publish","type":"page","link":"https:\/\/rgzv-goettingen.de\/?page_id=83","title":{"rendered":"&#8222;B\u00f6rse&#8220;"},"content":{"rendered":"\n<p><\/p>\n\n\n\n<p><strong>Dese &#8222;<\/strong><strong>B\u00f6rse&#8220;<\/strong><strong>Dient einzig und allein dem Austausch von Tieren und Bruteiern innerhalb des Vereins!<\/strong><\/p>\n\n\n\n<p>Aufbau l\u00e4uft noch&#8230;<\/p>\n\n\n\n<p>Die Idee war nun die aktuelle Mitgliederliste so anzupassen, dass hier auf der B\u00f6rse dann nur Vereinskamaradinnen und Kamaraden aufgef\u00fchrt werden, die auch Tiere abgeben wollen\/k\u00f6nnen. Dies wird in der Liste entsprechend markiert.<\/p>\n\n\n\n<p><strong>Die Praxis hat gezeigt, dass die Monatsversammlungen der richtige Treffpunkt ist um Tiere oder auch Bruteier, innerhalb des Vereins, zu tauschen.<\/strong> Eine extra &#8222;B\u00f6rse&#8220;-online wird es von daher nicht geben.<\/p>\n\n\n\n<p>Au\u00dferdem stehen allen (auch Besuchern) unsere Austellungen zur Verf\u00fcgung, auf denen immer Tiere erworben werden k\u00f6nnen.<\/p>\n\n\n\n<p>Will man Tiere im gro\u00dfen Rahmen verkaufen oder Bruteier \u00fcber die ganze Welt versenden, ist die B\u00f6rse nicht die richtige Adresse. Daf\u00fcr gibt es bereits genug andere online Angebote.<\/p>\n","protected":false},"excerpt":{"rendered":"<p>Dese &#8222;B\u00f6rse&#8220;Dient einzig und allein dem Austausch von Tieren und Bruteiern innerhalb des Vereins! Aufbau l\u00e4uft noch&#8230; Die Idee war nun die aktuelle Mitgliederliste so anzupassen, dass hier auf der B\u00f6rse dann nur Vereinskamaradinnen und Kamaraden aufgef\u00fchrt werden, die auch Tiere abgeben wollen\/k\u00f6nnen. Dies wird in der Liste entsprechend markiert. Die Praxis hat gezeigt, dass &hellip; <\/p>\n<p class=\"link-more\"><a href=\"https:\/\/rgzv-goettingen.de\/?page_id=83\" class=\"more-link\"><span class=\"screen-reader-text\">\u201e&#8222;B\u00f6rse&#8220;\u201c <\/span>weiterlesen<\/a><\/p>\n","protected":false},"author":1,"featured_media":14,"parent":0,"menu_order":0,"comment_status":"closed","ping_status":"closed","template":"","meta":{"footnotes":""},"class_list":["post-83","page","type-page","status-publish","has-post-thumbnail","hentry"],"_links":{"self":[{"href":"https:\/\/rgzv-goettingen.de\/index.php?rest_route=\/wp\/v2\/pages\/83","targetHints":{"allow":["GET"]}}],"collection":[{"href":"https:\/\/rgzv-goettingen.de\/index.php?rest_route=\/wp\/v2\/pages"}],"about":[{"href":"https:\/\/rgzv-goettingen.de\/index.php?rest_route=\/wp\/v2\/types\/page"}],"author":[{"embeddable":true,"href":"https:\/\/rgzv-goettingen.de\/index.php?rest_route=\/wp\/v2\/users\/1"}],"replies":[{"embeddable":true,"href":"https:\/\/rgzv-goettingen.de\/index.php?rest_route=%2Fwp%2Fv2%2Fcomments&post=83"}],"version-history":[{"count":8,"href":"https:\/\/rgzv-goettingen.de\/index.php?rest_route=\/wp\/v2\/pages\/83\/revisions"}],"predecessor-version":[{"id":895,"href":"https:\/\/rgzv-goettingen.de\/index.php?rest_route=\/wp\/v2\/pages\/83\/revisions\/895"}],"wp:featuredmedia":[{"embeddable":true,"href":"https:\/\/rgzv-goettingen.de\/index.php?rest_route=\/wp\/v2\/media\/14"}],"wp:attachment":[{"href":"https:\/\/rgzv-goettingen.de\/index.php?rest_route=%2Fwp%2Fv2%2Fmedia&parent=83"}],"curies":[{"name":"wp","href":"https:\/\/api.w.org\/{rel}","templated":true}]}}