{"id":70,"date":"2020-04-07T21:10:20","date_gmt":"2020-04-07T21:10:20","guid":{"rendered":"http:\/\/rgzv-goettingen.de\/?page_id=70"},"modified":"2020-04-07T22:14:06","modified_gmt":"2020-04-07T22:14:06","slug":"kuekenshow","status":"publish","type":"page","link":"https:\/\/rgzv-goettingen.de\/?page_id=70","title":{"rendered":"K\u00fckenshow"},"content":{"rendered":"\n<h1 class=\"wp-block-heading\"><\/h1>\n\n\n\n<p>Immer <strong>Karfreitag<\/strong> die <strong>N<\/strong><strong>ieders\u00e4chsische Stamm- und K\u00fckenschau<\/strong> bei der K\u00fcken und Jungtiere gekauft werden k\u00f6nnen. Aber es werden auch Tiere ausgestellt, der Schlupf von K\u00fcken kann live im Schaubr\u00fcter verfolgt und im K\u00fckenring k\u00f6nnen viele flauschige K\u00fcken und G\u00f6ssel bestaunt und unter Aufsicht angefasst werden.<\/p>\n","protected":false},"excerpt":{"rendered":"<p>Immer Karfreitag die Nieders\u00e4chsische Stamm- und K\u00fckenschau bei der K\u00fcken und Jungtiere gekauft werden k\u00f6nnen. Aber es werden auch Tiere ausgestellt, der Schlupf von K\u00fcken kann live im Schaubr\u00fcter verfolgt und im K\u00fckenring k\u00f6nnen viele flauschige K\u00fcken und G\u00f6ssel bestaunt und unter Aufsicht angefasst werden.<\/p>\n","protected":false},"author":1,"featured_media":11,"parent":0,"menu_order":0,"comment_status":"closed","ping_status":"closed","template":"","meta":{"footnotes":""},"class_list":["post-70","page","type-page","status-publish","has-post-thumbnail","hentry"],"_links":{"self":[{"href":"https:\/\/rgzv-goettingen.de\/index.php?rest_route=\/wp\/v2\/pages\/70","targetHints":{"allow":["GET"]}}],"collection":[{"href":"https:\/\/rgzv-goettingen.de\/index.php?rest_route=\/wp\/v2\/pages"}],"about":[{"href":"https:\/\/rgzv-goettingen.de\/index.php?rest_route=\/wp\/v2\/types\/page"}],"author":[{"embeddable":true,"href":"https:\/\/rgzv-goettingen.de\/index.php?rest_route=\/wp\/v2\/users\/1"}],"replies":[{"embeddable":true,"href":"https:\/\/rgzv-goettingen.de\/index.php?rest_route=%2Fwp%2Fv2%2Fcomments&post=70"}],"version-history":[{"count":3,"href":"https:\/\/rgzv-goettingen.de\/index.php?rest_route=\/wp\/v2\/pages\/70\/revisions"}],"predecessor-version":[{"id":175,"href":"https:\/\/rgzv-goettingen.de\/index.php?rest_route=\/wp\/v2\/pages\/70\/revisions\/175"}],"wp:featuredmedia":[{"embeddable":true,"href":"https:\/\/rgzv-goettingen.de\/index.php?rest_route=\/wp\/v2\/media\/11"}],"wp:attachment":[{"href":"https:\/\/rgzv-goettingen.de\/index.php?rest_route=%2Fwp%2Fv2%2Fmedia&parent=70"}],"curies":[{"name":"wp","href":"https:\/\/api.w.org\/{rel}","templated":true}]}}