{"id":473,"date":"2020-09-02T22:23:32","date_gmt":"2020-09-02T22:23:32","guid":{"rendered":"http:\/\/rgzv-goettingen.de\/?page_id=473"},"modified":"2020-11-02T13:32:26","modified_gmt":"2020-11-02T13:32:26","slug":"leinetalschau-2020","status":"publish","type":"page","link":"https:\/\/rgzv-goettingen.de\/?page_id=473","title":{"rendered":"Leinetalschau 2020"},"content":{"rendered":"\n<h1 class=\"has-text-color wp-block-heading\" style=\"color:#1e8760\"><strong>Leinetalschau 2020<\/strong><\/h1>\n\n\n\n<p>Aktuell gehen wir davon aus, dass unsere Leinetalshow stattfinden wird. Unter Einhaltung der Hygieneregeln und mit Genehmigung der Beh\u00f6rden nat\u00fcrlich. [OKT 2020]<\/p>\n\n\n\n<p>Nun steht es fest, wir m\u00fcssen die Leinetalschau leider absagen [NOV 2020]:<\/p>\n\n\n\n<div class=\"wp-block-file\"><a href=\"https:\/\/rgzv-goettingen.de\/wp-content\/uploads\/2020\/11\/2020_AbsageLeinetalschau.pdf\">2020_AbsageLeinetalschau<\/a><a href=\"https:\/\/rgzv-goettingen.de\/wp-content\/uploads\/2020\/11\/2020_AbsageLeinetalschau.pdf\" class=\"wp-block-file__button\" download>Herunterladen<\/a><\/div>\n\n\n\n<p><\/p>\n","protected":false},"excerpt":{"rendered":"<p>Leinetalschau 2020 Aktuell gehen wir davon aus, dass unsere Leinetalshow stattfinden wird. Unter Einhaltung der Hygieneregeln und mit Genehmigung der Beh\u00f6rden nat\u00fcrlich. [OKT 2020] Nun steht es fest, wir m\u00fcssen die Leinetalschau leider absagen [NOV 2020]:<\/p>\n","protected":false},"author":1,"featured_media":0,"parent":0,"menu_order":0,"comment_status":"closed","ping_status":"closed","template":"","meta":{"footnotes":""},"class_list":["post-473","page","type-page","status-publish","hentry"],"_links":{"self":[{"href":"https:\/\/rgzv-goettingen.de\/index.php?rest_route=\/wp\/v2\/pages\/473","targetHints":{"allow":["GET"]}}],"collection":[{"href":"https:\/\/rgzv-goettingen.de\/index.php?rest_route=\/wp\/v2\/pages"}],"about":[{"href":"https:\/\/rgzv-goettingen.de\/index.php?rest_route=\/wp\/v2\/types\/page"}],"author":[{"embeddable":true,"href":"https:\/\/rgzv-goettingen.de\/index.php?rest_route=\/wp\/v2\/users\/1"}],"replies":[{"embeddable":true,"href":"https:\/\/rgzv-goettingen.de\/index.php?rest_route=%2Fwp%2Fv2%2Fcomments&post=473"}],"version-history":[{"count":4,"href":"https:\/\/rgzv-goettingen.de\/index.php?rest_route=\/wp\/v2\/pages\/473\/revisions"}],"predecessor-version":[{"id":489,"href":"https:\/\/rgzv-goettingen.de\/index.php?rest_route=\/wp\/v2\/pages\/473\/revisions\/489"}],"wp:attachment":[{"href":"https:\/\/rgzv-goettingen.de\/index.php?rest_route=%2Fwp%2Fv2%2Fmedia&parent=473"}],"curies":[{"name":"wp","href":"https:\/\/api.w.org\/{rel}","templated":true}]}}