{"id":251,"date":"2020-04-08T19:24:33","date_gmt":"2020-04-08T19:24:33","guid":{"rendered":"http:\/\/rgzv-goettingen.de\/?page_id=251"},"modified":"2020-04-09T21:38:02","modified_gmt":"2020-04-09T21:38:02","slug":"kuekenshow-2017","status":"publish","type":"page","link":"https:\/\/rgzv-goettingen.de\/?page_id=251","title":{"rendered":"K\u00fckenshow 2017"},"content":{"rendered":"\n<p>Wieder&nbsp;einmal war auch&nbsp;unsere&nbsp;K\u00fckenschau 2017 am Karfreitag&nbsp;f\u00fcr alle Beteiligten ein riesengro\u00dfer Erfolg. Circa 1000&nbsp;G\u00e4ste plus eintrittsfreie Kinder kamen&nbsp;in den Genuss unsere Rasseh\u00fchner, -Jungtiere und -k\u00fcken zu bestaunen. Zahlreiche&nbsp;Tiere wechselten&nbsp;am Vormittag den Besitzer und so&nbsp;waren am Mittag bereits&nbsp;viele&nbsp;K\u00e4fige leer.&nbsp;<\/p>\n\n\n\n<p>Hier k\u00f6nnen&nbsp;Sie&nbsp;die Berichterstattung der \u00f6rtlichen&nbsp;Presse einsehen:<\/p>\n\n\n\n<p>Videobeitrag (im Mai 2017 noch abrufbar, fraglich wie lange):<\/p>\n\n\n\n<p><a href=\"http:\/\/www.goettinger-tageblatt.de\/Goettingen\/Uebersicht\/1000-Gaeste-besuchen-Kuekenschau-des-Groner-Zuchtvereins-in-Goettingen\">http:\/\/www.goettinger-tageblatt.de\/Goettingen\/Uebersicht\/1000-Gaeste-besuchen-Kuekenschau-des-Groner-Zuchtvereins-in-Goettingen<\/a><\/p>\n\n\n\n<figure class=\"wp-block-gallery columns-1 is-cropped wp-block-gallery-1 is-layout-flex wp-block-gallery-is-layout-flex\"><ul class=\"blocks-gallery-grid\"><li class=\"blocks-gallery-item\"><figure><img loading=\"lazy\" decoding=\"async\" width=\"600\" height=\"420\" src=\"https:\/\/rgzv-goettingen.de\/wp-content\/uploads\/2020\/04\/1-3.jpg\" alt=\"\" data-id=\"372\" data-full-url=\"https:\/\/rgzv-goettingen.de\/wp-content\/uploads\/2020\/04\/1-3.jpg\" data-link=\"https:\/\/rgzv-goettingen.de\/?attachment_id=372\" class=\"wp-image-372\" srcset=\"https:\/\/rgzv-goettingen.de\/wp-content\/uploads\/2020\/04\/1-3.jpg 600w, https:\/\/rgzv-goettingen.de\/wp-content\/uploads\/2020\/04\/1-3-300x210.jpg 300w\" sizes=\"auto, (max-width: 600px) 100vw, 600px\" \/><\/figure><\/li><li class=\"blocks-gallery-item\"><figure><img loading=\"lazy\" decoding=\"async\" width=\"600\" height=\"255\" src=\"https:\/\/rgzv-goettingen.de\/wp-content\/uploads\/2020\/04\/2-3.jpg\" alt=\"\" data-id=\"373\" data-full-url=\"https:\/\/rgzv-goettingen.de\/wp-content\/uploads\/2020\/04\/2-3.jpg\" data-link=\"https:\/\/rgzv-goettingen.de\/?attachment_id=373\" class=\"wp-image-373\" srcset=\"https:\/\/rgzv-goettingen.de\/wp-content\/uploads\/2020\/04\/2-3.jpg 600w, https:\/\/rgzv-goettingen.de\/wp-content\/uploads\/2020\/04\/2-3-300x128.jpg 300w\" sizes=\"auto, (max-width: 600px) 100vw, 600px\" \/><\/figure><\/li><li class=\"blocks-gallery-item\"><figure><img loading=\"lazy\" decoding=\"async\" width=\"600\" height=\"444\" src=\"https:\/\/rgzv-goettingen.de\/wp-content\/uploads\/2020\/04\/3-2.jpg\" alt=\"\" data-id=\"374\" data-full-url=\"https:\/\/rgzv-goettingen.de\/wp-content\/uploads\/2020\/04\/3-2.jpg\" data-link=\"https:\/\/rgzv-goettingen.de\/?attachment_id=374\" class=\"wp-image-374\" srcset=\"https:\/\/rgzv-goettingen.de\/wp-content\/uploads\/2020\/04\/3-2.jpg 600w, https:\/\/rgzv-goettingen.de\/wp-content\/uploads\/2020\/04\/3-2-300x222.jpg 300w\" sizes=\"auto, (max-width: 600px) 100vw, 600px\" \/><\/figure><\/li><li class=\"blocks-gallery-item\"><figure><img loading=\"lazy\" decoding=\"async\" width=\"600\" height=\"289\" src=\"https:\/\/rgzv-goettingen.de\/wp-content\/uploads\/2020\/04\/4-2.jpg\" alt=\"\" data-id=\"375\" data-full-url=\"https:\/\/rgzv-goettingen.de\/wp-content\/uploads\/2020\/04\/4-2.jpg\" data-link=\"https:\/\/rgzv-goettingen.de\/?attachment_id=375\" class=\"wp-image-375\" srcset=\"https:\/\/rgzv-goettingen.de\/wp-content\/uploads\/2020\/04\/4-2.jpg 600w, https:\/\/rgzv-goettingen.de\/wp-content\/uploads\/2020\/04\/4-2-300x145.jpg 300w\" sizes=\"auto, (max-width: 600px) 100vw, 600px\" \/><\/figure><\/li><\/ul><\/figure>\n\n\n\n<p>Dr. Sauer m\u00f6chte ein Missverst\u00e4ndnisses aus dem durchweg positiven Artikel&nbsp;richtig stellen:&nbsp;<\/p>\n\n\n\n<p>&#8222;Meinen Grundstock f\u00fcr die&nbsp;Crevecoeur-Zucht konnte ich nur mit Unterst\u00fctzung von G. Baumgartl aus dem&nbsp;&#8222;Sonderverein der Haubenh\u00fchner&nbsp;und&nbsp;seltenen H\u00fchnerrassen&#8220; legen, in dem ich mittlerweile auch Mitglied bin. Zus\u00e4tzlich dazu habe ich zur Blutauffrischung Bruteier aus Frankreich organisiert.&#8220;<\/p>\n","protected":false},"excerpt":{"rendered":"<p>Wieder&nbsp;einmal war auch&nbsp;unsere&nbsp;K\u00fckenschau 2017 am Karfreitag&nbsp;f\u00fcr alle Beteiligten ein riesengro\u00dfer Erfolg. Circa 1000&nbsp;G\u00e4ste plus eintrittsfreie Kinder kamen&nbsp;in den Genuss unsere Rasseh\u00fchner, -Jungtiere und -k\u00fcken zu bestaunen. Zahlreiche&nbsp;Tiere wechselten&nbsp;am Vormittag den Besitzer und so&nbsp;waren am Mittag bereits&nbsp;viele&nbsp;K\u00e4fige leer.&nbsp; Hier k\u00f6nnen&nbsp;Sie&nbsp;die Berichterstattung der \u00f6rtlichen&nbsp;Presse einsehen: Videobeitrag (im Mai 2017 noch abrufbar, fraglich wie lange): http:\/\/www.goettinger-tageblatt.de\/Goettingen\/Uebersicht\/1000-Gaeste-besuchen-Kuekenschau-des-Groner-Zuchtvereins-in-Goettingen Dr. Sauer &hellip; <\/p>\n<p class=\"link-more\"><a href=\"https:\/\/rgzv-goettingen.de\/?page_id=251\" class=\"more-link\"><span class=\"screen-reader-text\">\u201eK\u00fckenshow 2017\u201c <\/span>weiterlesen<\/a><\/p>\n","protected":false},"author":1,"featured_media":0,"parent":0,"menu_order":0,"comment_status":"closed","ping_status":"closed","template":"","meta":{"footnotes":""},"class_list":["post-251","page","type-page","status-publish","hentry"],"_links":{"self":[{"href":"https:\/\/rgzv-goettingen.de\/index.php?rest_route=\/wp\/v2\/pages\/251","targetHints":{"allow":["GET"]}}],"collection":[{"href":"https:\/\/rgzv-goettingen.de\/index.php?rest_route=\/wp\/v2\/pages"}],"about":[{"href":"https:\/\/rgzv-goettingen.de\/index.php?rest_route=\/wp\/v2\/types\/page"}],"author":[{"embeddable":true,"href":"https:\/\/rgzv-goettingen.de\/index.php?rest_route=\/wp\/v2\/users\/1"}],"replies":[{"embeddable":true,"href":"https:\/\/rgzv-goettingen.de\/index.php?rest_route=%2Fwp%2Fv2%2Fcomments&post=251"}],"version-history":[{"count":3,"href":"https:\/\/rgzv-goettingen.de\/index.php?rest_route=\/wp\/v2\/pages\/251\/revisions"}],"predecessor-version":[{"id":376,"href":"https:\/\/rgzv-goettingen.de\/index.php?rest_route=\/wp\/v2\/pages\/251\/revisions\/376"}],"wp:attachment":[{"href":"https:\/\/rgzv-goettingen.de\/index.php?rest_route=%2Fwp%2Fv2%2Fmedia&parent=251"}],"curies":[{"name":"wp","href":"https:\/\/api.w.org\/{rel}","templated":true}]}}