{"id":249,"date":"2020-04-08T19:24:33","date_gmt":"2020-04-08T19:24:33","guid":{"rendered":"http:\/\/rgzv-goettingen.de\/?page_id=249"},"modified":"2021-04-03T20:37:38","modified_gmt":"2021-04-03T20:37:38","slug":"kuekenshow-2015","status":"publish","type":"page","link":"https:\/\/rgzv-goettingen.de\/?page_id=249","title":{"rendered":"K\u00fckenshow 2015"},"content":{"rendered":"\n<p><strong>&nbsp;&nbsp;<u> Auch gro\u00dfe Kinder haben Spa\u00df an kleinen K\u00fcken<\/u><\/strong> &nbsp; &nbsp; &nbsp; &nbsp; &nbsp; &nbsp; &nbsp; &nbsp; &nbsp; &nbsp; &nbsp; &nbsp; &nbsp; &nbsp; &nbsp; &nbsp; &nbsp; &nbsp; &nbsp; &nbsp;&nbsp; April 2015<\/p>\n\n\n\n<p>Unsere Nieders\u00e4chsische Zuchtstamm und K\u00fckenschau, mittlerweile die 51. wurde etwas getr\u00fcbt zum Einen von der Tatsache, dass der Karfreitag schon sehr fr\u00fch am 3. April war und wir aus diesem Grund keine G\u00e4nsek\u00fcken im K\u00fckenring haben konnten und zum Anderen von dem noch recht kaltem Wetter. Dieses hatte sicher den einen oder anderen Besucher nicht hinter den heimischen Ofen hervorlocken k\u00f6nnen. Den Besucherrekord vom Vorjahr, wo wir erstmals im 4stelligen Bereich lagen, konnten wir in diesem Jahr leider nicht best\u00e4tigen. Es fanden sich aber&nbsp;doch rund 850 Besucher im Saal des Gh. Berge in Elliehausen ein und so wurde letztendlich auch diese Ausstellung dank der Zuchtfreunde aus Alfeld, B\u00fcddenstedt, Dedeleben und Almstedt, bei denen ich mich noch einmal recht herzlich bedanken m\u00f6chte, wieder f\u00fcr unseren Verein und letztendlich f\u00fcr die Region um die Rassegefl\u00fcgelzucht ein voller Erfolg.<\/p>\n\n\n\n<p>Wieder konnten Interessierte &nbsp;sich \u00fcber unser lebendiges Hobby informieren und so mancher Besucher verlie\u00df die Ausstellung mit dem festen Vorsatz, sich nun doch f\u00fcr Rassegefl\u00fcgel statt der \u00fcblichen Legehybriden anzuschaffen.<\/p>\n\n\n\n<p>Hierf\u00fcr\u00a0meinen Dank an die Vereinsmitglieder, die durch fachlichen Rat die Besucher davon \u00fcberzeugten, hier einen effektiven Beitrag zu leisten, um altes Kulturgut zu erhalten.<\/p>\n\n\n\n<figure class=\"wp-block-gallery columns-2 is-cropped wp-block-gallery-1 is-layout-flex wp-block-gallery-is-layout-flex\"><ul class=\"blocks-gallery-grid\"><li class=\"blocks-gallery-item\"><figure><img loading=\"lazy\" decoding=\"async\" width=\"600\" height=\"450\" src=\"https:\/\/rgzv-goettingen.de\/wp-content\/uploads\/2020\/04\/1-1.jpg\" alt=\"\" data-id=\"356\" data-full-url=\"https:\/\/rgzv-goettingen.de\/wp-content\/uploads\/2020\/04\/1-1.jpg\" data-link=\"https:\/\/rgzv-goettingen.de\/?attachment_id=356\" class=\"wp-image-356\" srcset=\"https:\/\/rgzv-goettingen.de\/wp-content\/uploads\/2020\/04\/1-1.jpg 600w, https:\/\/rgzv-goettingen.de\/wp-content\/uploads\/2020\/04\/1-1-300x225.jpg 300w\" sizes=\"auto, (max-width: 600px) 100vw, 600px\" \/><\/figure><\/li><li class=\"blocks-gallery-item\"><figure><img loading=\"lazy\" decoding=\"async\" width=\"600\" height=\"450\" src=\"https:\/\/rgzv-goettingen.de\/wp-content\/uploads\/2020\/04\/2-1.jpg\" alt=\"\" data-id=\"357\" data-full-url=\"https:\/\/rgzv-goettingen.de\/wp-content\/uploads\/2020\/04\/2-1.jpg\" data-link=\"https:\/\/rgzv-goettingen.de\/?attachment_id=357\" class=\"wp-image-357\" srcset=\"https:\/\/rgzv-goettingen.de\/wp-content\/uploads\/2020\/04\/2-1.jpg 600w, https:\/\/rgzv-goettingen.de\/wp-content\/uploads\/2020\/04\/2-1-300x225.jpg 300w\" sizes=\"auto, (max-width: 600px) 100vw, 600px\" \/><\/figure><\/li><li class=\"blocks-gallery-item\"><figure><img loading=\"lazy\" decoding=\"async\" width=\"600\" height=\"450\" src=\"https:\/\/rgzv-goettingen.de\/wp-content\/uploads\/2020\/04\/3-1.jpg\" alt=\"\" data-id=\"358\" data-full-url=\"https:\/\/rgzv-goettingen.de\/wp-content\/uploads\/2020\/04\/3-1.jpg\" data-link=\"https:\/\/rgzv-goettingen.de\/?attachment_id=358\" class=\"wp-image-358\" srcset=\"https:\/\/rgzv-goettingen.de\/wp-content\/uploads\/2020\/04\/3-1.jpg 600w, https:\/\/rgzv-goettingen.de\/wp-content\/uploads\/2020\/04\/3-1-300x225.jpg 300w\" sizes=\"auto, (max-width: 600px) 100vw, 600px\" \/><\/figure><\/li><li class=\"blocks-gallery-item\"><figure><img loading=\"lazy\" decoding=\"async\" width=\"600\" height=\"450\" src=\"https:\/\/rgzv-goettingen.de\/wp-content\/uploads\/2020\/04\/4-1.jpg\" alt=\"\" data-id=\"359\" data-full-url=\"https:\/\/rgzv-goettingen.de\/wp-content\/uploads\/2020\/04\/4-1.jpg\" data-link=\"https:\/\/rgzv-goettingen.de\/?attachment_id=359\" class=\"wp-image-359\" srcset=\"https:\/\/rgzv-goettingen.de\/wp-content\/uploads\/2020\/04\/4-1.jpg 600w, https:\/\/rgzv-goettingen.de\/wp-content\/uploads\/2020\/04\/4-1-300x225.jpg 300w\" sizes=\"auto, (max-width: 600px) 100vw, 600px\" \/><\/figure><\/li><li class=\"blocks-gallery-item\"><figure><img loading=\"lazy\" decoding=\"async\" width=\"600\" height=\"450\" src=\"https:\/\/rgzv-goettingen.de\/wp-content\/uploads\/2020\/04\/5-1.jpg\" alt=\"\" data-id=\"360\" data-full-url=\"https:\/\/rgzv-goettingen.de\/wp-content\/uploads\/2020\/04\/5-1.jpg\" data-link=\"https:\/\/rgzv-goettingen.de\/?attachment_id=360\" class=\"wp-image-360\" srcset=\"https:\/\/rgzv-goettingen.de\/wp-content\/uploads\/2020\/04\/5-1.jpg 600w, https:\/\/rgzv-goettingen.de\/wp-content\/uploads\/2020\/04\/5-1-300x225.jpg 300w\" sizes=\"auto, (max-width: 600px) 100vw, 600px\" \/><\/figure><\/li><li class=\"blocks-gallery-item\"><figure><img loading=\"lazy\" decoding=\"async\" width=\"600\" height=\"450\" src=\"https:\/\/rgzv-goettingen.de\/wp-content\/uploads\/2020\/04\/6-1.jpg\" alt=\"\" data-id=\"361\" data-full-url=\"https:\/\/rgzv-goettingen.de\/wp-content\/uploads\/2020\/04\/6-1.jpg\" data-link=\"https:\/\/rgzv-goettingen.de\/?attachment_id=361\" class=\"wp-image-361\" srcset=\"https:\/\/rgzv-goettingen.de\/wp-content\/uploads\/2020\/04\/6-1.jpg 600w, https:\/\/rgzv-goettingen.de\/wp-content\/uploads\/2020\/04\/6-1-300x225.jpg 300w\" sizes=\"auto, (max-width: 600px) 100vw, 600px\" \/><\/figure><\/li><li class=\"blocks-gallery-item\"><figure><img loading=\"lazy\" decoding=\"async\" width=\"600\" height=\"450\" src=\"https:\/\/rgzv-goettingen.de\/wp-content\/uploads\/2020\/04\/7-1.jpg\" alt=\"\" data-id=\"362\" data-full-url=\"https:\/\/rgzv-goettingen.de\/wp-content\/uploads\/2020\/04\/7-1.jpg\" data-link=\"https:\/\/rgzv-goettingen.de\/?attachment_id=362\" class=\"wp-image-362\" srcset=\"https:\/\/rgzv-goettingen.de\/wp-content\/uploads\/2020\/04\/7-1.jpg 600w, https:\/\/rgzv-goettingen.de\/wp-content\/uploads\/2020\/04\/7-1-300x225.jpg 300w\" sizes=\"auto, (max-width: 600px) 100vw, 600px\" \/><\/figure><\/li><li class=\"blocks-gallery-item\"><figure><img loading=\"lazy\" decoding=\"async\" width=\"600\" height=\"450\" src=\"https:\/\/rgzv-goettingen.de\/wp-content\/uploads\/2020\/04\/8-1.jpg\" alt=\"\" data-id=\"363\" data-full-url=\"https:\/\/rgzv-goettingen.de\/wp-content\/uploads\/2020\/04\/8-1.jpg\" data-link=\"https:\/\/rgzv-goettingen.de\/?attachment_id=363\" class=\"wp-image-363\" srcset=\"https:\/\/rgzv-goettingen.de\/wp-content\/uploads\/2020\/04\/8-1.jpg 600w, https:\/\/rgzv-goettingen.de\/wp-content\/uploads\/2020\/04\/8-1-300x225.jpg 300w\" sizes=\"auto, (max-width: 600px) 100vw, 600px\" \/><\/figure><\/li><li class=\"blocks-gallery-item\"><figure><img loading=\"lazy\" decoding=\"async\" width=\"600\" height=\"450\" src=\"https:\/\/rgzv-goettingen.de\/wp-content\/uploads\/2020\/04\/9-1.jpg\" alt=\"\" data-id=\"364\" data-full-url=\"https:\/\/rgzv-goettingen.de\/wp-content\/uploads\/2020\/04\/9-1.jpg\" data-link=\"https:\/\/rgzv-goettingen.de\/?attachment_id=364\" class=\"wp-image-364\" srcset=\"https:\/\/rgzv-goettingen.de\/wp-content\/uploads\/2020\/04\/9-1.jpg 600w, https:\/\/rgzv-goettingen.de\/wp-content\/uploads\/2020\/04\/9-1-300x225.jpg 300w\" sizes=\"auto, (max-width: 600px) 100vw, 600px\" \/><\/figure><\/li><li class=\"blocks-gallery-item\"><figure><img loading=\"lazy\" decoding=\"async\" width=\"600\" height=\"450\" src=\"https:\/\/rgzv-goettingen.de\/wp-content\/uploads\/2020\/04\/10-1.jpg\" alt=\"\" data-id=\"365\" data-full-url=\"https:\/\/rgzv-goettingen.de\/wp-content\/uploads\/2020\/04\/10-1.jpg\" data-link=\"https:\/\/rgzv-goettingen.de\/?attachment_id=365\" class=\"wp-image-365\" srcset=\"https:\/\/rgzv-goettingen.de\/wp-content\/uploads\/2020\/04\/10-1.jpg 600w, https:\/\/rgzv-goettingen.de\/wp-content\/uploads\/2020\/04\/10-1-300x225.jpg 300w\" sizes=\"auto, (max-width: 600px) 100vw, 600px\" \/><\/figure><\/li><li class=\"blocks-gallery-item\"><figure><img loading=\"lazy\" decoding=\"async\" width=\"600\" height=\"450\" src=\"https:\/\/rgzv-goettingen.de\/wp-content\/uploads\/2020\/04\/11.jpg\" alt=\"\" data-id=\"366\" data-full-url=\"https:\/\/rgzv-goettingen.de\/wp-content\/uploads\/2020\/04\/11.jpg\" data-link=\"https:\/\/rgzv-goettingen.de\/?attachment_id=366\" class=\"wp-image-366\" srcset=\"https:\/\/rgzv-goettingen.de\/wp-content\/uploads\/2020\/04\/11.jpg 600w, https:\/\/rgzv-goettingen.de\/wp-content\/uploads\/2020\/04\/11-300x225.jpg 300w\" sizes=\"auto, (max-width: 600px) 100vw, 600px\" \/><\/figure><\/li><li class=\"blocks-gallery-item\"><figure><img loading=\"lazy\" decoding=\"async\" width=\"600\" height=\"450\" src=\"https:\/\/rgzv-goettingen.de\/wp-content\/uploads\/2020\/04\/12.jpg\" alt=\"\" data-id=\"367\" data-full-url=\"https:\/\/rgzv-goettingen.de\/wp-content\/uploads\/2020\/04\/12.jpg\" data-link=\"https:\/\/rgzv-goettingen.de\/?attachment_id=367\" class=\"wp-image-367\" srcset=\"https:\/\/rgzv-goettingen.de\/wp-content\/uploads\/2020\/04\/12.jpg 600w, https:\/\/rgzv-goettingen.de\/wp-content\/uploads\/2020\/04\/12-300x225.jpg 300w\" sizes=\"auto, (max-width: 600px) 100vw, 600px\" \/><\/figure><\/li><\/ul><\/figure>\n","protected":false},"excerpt":{"rendered":"<p>&nbsp;&nbsp; Auch gro\u00dfe Kinder haben Spa\u00df an kleinen K\u00fcken &nbsp; &nbsp; &nbsp; &nbsp; &nbsp; &nbsp; &nbsp; &nbsp; &nbsp; &nbsp; &nbsp; &nbsp; &nbsp; &nbsp; &nbsp; &nbsp; &nbsp; &nbsp; &nbsp; &nbsp;&nbsp; April 2015 Unsere Nieders\u00e4chsische Zuchtstamm und K\u00fckenschau, mittlerweile die 51. wurde etwas getr\u00fcbt zum Einen von der Tatsache, dass der Karfreitag schon sehr fr\u00fch am 3. &hellip; <\/p>\n<p class=\"link-more\"><a href=\"https:\/\/rgzv-goettingen.de\/?page_id=249\" class=\"more-link\"><span class=\"screen-reader-text\">\u201eK\u00fckenshow 2015\u201c <\/span>weiterlesen<\/a><\/p>\n","protected":false},"author":1,"featured_media":0,"parent":0,"menu_order":0,"comment_status":"closed","ping_status":"closed","template":"","meta":{"footnotes":""},"class_list":["post-249","page","type-page","status-publish","hentry"],"_links":{"self":[{"href":"https:\/\/rgzv-goettingen.de\/index.php?rest_route=\/wp\/v2\/pages\/249","targetHints":{"allow":["GET"]}}],"collection":[{"href":"https:\/\/rgzv-goettingen.de\/index.php?rest_route=\/wp\/v2\/pages"}],"about":[{"href":"https:\/\/rgzv-goettingen.de\/index.php?rest_route=\/wp\/v2\/types\/page"}],"author":[{"embeddable":true,"href":"https:\/\/rgzv-goettingen.de\/index.php?rest_route=\/wp\/v2\/users\/1"}],"replies":[{"embeddable":true,"href":"https:\/\/rgzv-goettingen.de\/index.php?rest_route=%2Fwp%2Fv2%2Fcomments&post=249"}],"version-history":[{"count":4,"href":"https:\/\/rgzv-goettingen.de\/index.php?rest_route=\/wp\/v2\/pages\/249\/revisions"}],"predecessor-version":[{"id":539,"href":"https:\/\/rgzv-goettingen.de\/index.php?rest_route=\/wp\/v2\/pages\/249\/revisions\/539"}],"wp:attachment":[{"href":"https:\/\/rgzv-goettingen.de\/index.php?rest_route=%2Fwp%2Fv2%2Fmedia&parent=249"}],"curies":[{"name":"wp","href":"https:\/\/api.w.org\/{rel}","templated":true}]}}