{"id":204,"date":"2020-04-08T18:38:41","date_gmt":"2020-04-08T18:38:41","guid":{"rendered":"http:\/\/rgzv-goettingen.de\/?page_id=204"},"modified":"2020-04-08T18:57:32","modified_gmt":"2020-04-08T18:57:32","slug":"tauben","status":"publish","type":"page","link":"https:\/\/rgzv-goettingen.de\/?page_id=204","title":{"rendered":"Tauben"},"content":{"rendered":"\n<p>Nat\u00fcrlich hat unser Verein auch Mitglieder die sich auf das Z\u00fcchten von Tauben spezialisiert haben. Schau einfach in der Z\u00fcchterecke nach.<\/p>\n\n\n\n<h2 class=\"wp-block-heading\"><strong>ACHTUNG<\/strong>: Bei gefundenen Tauben mit Ring oder ohne, wenden Sie sich bitte an den Verein \u201e<strong>G\u00f6ttinger Stadttauben e.V<\/strong>.\u201c: <a href=\"https:\/\/de-de.facebook.com\/GoettingerStadttauben\/\" target=\"_blank\" rel=\"noreferrer noopener\">Link zur Vereinsseite (Facebook) G\u00f6ttinger Stadttauben<\/a><\/h2>\n\n\n\n<p><\/p>\n\n\n\n<p><\/p>\n","protected":false},"excerpt":{"rendered":"<p>Nat\u00fcrlich hat unser Verein auch Mitglieder die sich auf das Z\u00fcchten von Tauben spezialisiert haben. Schau einfach in der Z\u00fcchterecke nach. ACHTUNG: Bei gefundenen Tauben mit Ring oder ohne, wenden Sie sich bitte an den Verein \u201eG\u00f6ttinger Stadttauben e.V.\u201c: Link zur Vereinsseite (Facebook) G\u00f6ttinger Stadttauben<\/p>\n","protected":false},"author":1,"featured_media":0,"parent":0,"menu_order":0,"comment_status":"closed","ping_status":"closed","template":"","meta":{"footnotes":""},"class_list":["post-204","page","type-page","status-publish","hentry"],"_links":{"self":[{"href":"https:\/\/rgzv-goettingen.de\/index.php?rest_route=\/wp\/v2\/pages\/204","targetHints":{"allow":["GET"]}}],"collection":[{"href":"https:\/\/rgzv-goettingen.de\/index.php?rest_route=\/wp\/v2\/pages"}],"about":[{"href":"https:\/\/rgzv-goettingen.de\/index.php?rest_route=\/wp\/v2\/types\/page"}],"author":[{"embeddable":true,"href":"https:\/\/rgzv-goettingen.de\/index.php?rest_route=\/wp\/v2\/users\/1"}],"replies":[{"embeddable":true,"href":"https:\/\/rgzv-goettingen.de\/index.php?rest_route=%2Fwp%2Fv2%2Fcomments&post=204"}],"version-history":[{"count":2,"href":"https:\/\/rgzv-goettingen.de\/index.php?rest_route=\/wp\/v2\/pages\/204\/revisions"}],"predecessor-version":[{"id":232,"href":"https:\/\/rgzv-goettingen.de\/index.php?rest_route=\/wp\/v2\/pages\/204\/revisions\/232"}],"wp:attachment":[{"href":"https:\/\/rgzv-goettingen.de\/index.php?rest_route=%2Fwp%2Fv2%2Fmedia&parent=204"}],"curies":[{"name":"wp","href":"https:\/\/api.w.org\/{rel}","templated":true}]}}